{"id":247,"date":"2011-04-01T09:06:02","date_gmt":"2011-04-01T07:06:02","guid":{"rendered":"http:\/\/www.har-zeldas.se\/?page_id=247"},"modified":"2011-08-10T22:01:22","modified_gmt":"2011-08-10T20:01:22","slug":"arkiv-2","status":"publish","type":"page","link":"https:\/\/www.har-zeldas.se\/?page_id=247","title":{"rendered":"Arkiv"},"content":{"rendered":"<ul>\n<li><a href=\"https:\/\/www.har-zeldas.se\/Jakt%202010.htm\">Jaktdagb\u00f6cker fr\u00e5n 2008-2010<\/a><\/li>\n<li><a href=\"https:\/\/www.har-zeldas.se\/Nyheter.htm\">Tidigare h\u00e4ndelser fr\u00e5n 2009-2010<\/a><\/li>\n<li><a href=\"https:\/\/www.har-zeldas.se\/Skorpan%20bloggar.htm\">Gamla bloggen p\u00e5 \u00f6verkalixm\u00e5l &#8211; tecknat<\/a><\/li>\n<li><a href=\"https:\/\/www.har-zeldas.se\/vistasvagge.htm\">Tidigare bildarkiv fr\u00e5n fj\u00e4lltur i Vistasvagge<\/a><\/li>\n<li><a href=\"https:\/\/www.har-zeldas.se\/Valpar.htm\">Tidigare kullar<\/a><\/li>\n<li><a href=\"https:\/\/www.har-zeldas.se\/jakt_och_natur.htm\">Jakt och naturbilder<\/a><\/li>\n<\/ul>\n","protected":false},"excerpt":{"rendered":"<p>Jaktdagb\u00f6cker fr\u00e5n 2008-2010 Tidigare h\u00e4ndelser fr\u00e5n 2009-2010 Gamla bloggen p\u00e5 \u00f6verkalixm\u00e5l &#8211; tecknat Tidigare bildarkiv fr\u00e5n fj\u00e4lltur i Vistasvagge Tidigare kullar Jakt och naturbilder<\/p>\n","protected":false},"author":1,"featured_media":0,"parent":0,"menu_order":7,"comment_status":"closed","ping_status":"closed","template":"","meta":{"footnotes":""},"class_list":["post-247","page","type-page","status-publish","hentry"],"_links":{"self":[{"href":"https:\/\/www.har-zeldas.se\/index.php?rest_route=\/wp\/v2\/pages\/247","targetHints":{"allow":["GET"]}}],"collection":[{"href":"https:\/\/www.har-zeldas.se\/index.php?rest_route=\/wp\/v2\/pages"}],"about":[{"href":"https:\/\/www.har-zeldas.se\/index.php?rest_route=\/wp\/v2\/types\/page"}],"author":[{"embeddable":true,"href":"https:\/\/www.har-zeldas.se\/index.php?rest_route=\/wp\/v2\/users\/1"}],"replies":[{"embeddable":true,"href":"https:\/\/www.har-zeldas.se\/index.php?rest_route=%2Fwp%2Fv2%2Fcomments&post=247"}],"version-history":[{"count":9,"href":"https:\/\/www.har-zeldas.se\/index.php?rest_route=\/wp\/v2\/pages\/247\/revisions"}],"predecessor-version":[{"id":257,"href":"https:\/\/www.har-zeldas.se\/index.php?rest_route=\/wp\/v2\/pages\/247\/revisions\/257"}],"wp:attachment":[{"href":"https:\/\/www.har-zeldas.se\/index.php?rest_route=%2Fwp%2Fv2%2Fmedia&parent=247"}],"curies":[{"name":"wp","href":"https:\/\/api.w.org\/{rel}","templated":true}]}}

<ul>
<li><a href="https://www.har-zeldas.se/Jakt%202010.htm">Jaktdagböcker från 2008-2010</a></li>
<li><a href="https://www.har-zeldas.se/Nyheter.htm">Tidigare händelser från 2009-2010</a></li>
<li><a href="https://www.har-zeldas.se/Skorpan%20bloggar.htm">Gamla bloggen på överkalixmål &#8211; tecknat</a></li>
<li><a href="https://www.har-zeldas.se/vistasvagge.htm">Tidigare bildarkiv från fjälltur i Vistasvagge</a></li>
<li><a href="https://www.har-zeldas.se/Valpar.htm">Tidigare kullar</a></li>
<li><a href="https://www.har-zeldas.se/jakt_och_natur.htm">Jakt och naturbilder</a></li>
</ul>

<p>Jaktdagböcker från 2008-2010 Tidigare händelser från 2009-2010 Gamla bloggen på överkalixmål &#8211; tecknat Tidigare bildarkiv från fjälltur i Vistasvagge Tidigare kullar Jakt och naturbilder</p>
